at is the tens digit of t?
4
Suppose -39*q = 62*q - 55853. What is the hundreds digit of q?
5
Let k(l) = 592*l - 897. What is the tens digit of k(7)?
4
Suppose -26*v = -28*v. Suppose v = -2*m - 122 + 870. What is the hundreds digit of m?
3
Let h(n) = n**3 - 40*n**2 + 40*n - 36. Let q be h(39). Suppose 0 = -2*a + 3*b + 1155, q*a - 1716 = -0*b - b. What is the tens digit of a?
7
Let m be -4 + (18 - -2)/(6/(-24)). What is the tens digit of (7/(m/(-345)) + -2)*8?
1
Let a = -3129 + 17673. What is the ten thousands digit of a?
1
Let z = 46695 + 24895. What is the hundreds digit of z?
5
Suppose 0 = -0*q - 5*q + 4*f + 105, 0 = -5*q + 3*f + 105. Suppose q*p = 29*p - 5848. What is the hundreds digit of p?
7
Suppose 0 = 8*w + 78 - 102. Suppose 77 = w*p - 2419. What is the hundreds digit of p?
8
Suppose -47 = y - 60. Suppose -3*g - 2*g + 24 = -2*k, -k + 2*g = y. What is the units digit of k*(1 - 2) - (5 + -2)?
4
Let h = 88 - 17. Suppose a + y + 182 = 0, 4*y = a - h + 253. Let t = 312 + a. What is the units digit of t?
0
Suppose -3*w + 31904 = -2*u, -11*u + 15*u + 10618 = w. What is the ten thousands digit of w?
1
Let j = -7386 - -14993. What is the units digit of j?
7
Let x = -2050 + 9127. Suppose 3*f - 2*f = -4*o + x, -o = -3*f - 1779. What is the units digit of o?
0
Suppose f - 5 = -u - 15, 0 = 5*f - 10. Let p be (2 - (-28)/u)*-48. What is the units digit of p/20*(-35)/(-2)?
4
Suppose 0 = 14*b - 55 - 15. Suppose 4*p - 3*s - 675 = 0, b*p - 528 = 2*p - 5*s. Suppose -5*u + 2 + 8 = 0, 5*t = 2*u + p. What is the tens digit of t?
3
Suppose -5*t - 5 = 2*m - 29, -4*m = -t - 4. Suppose 0 = -4*b + 3*l - 12, 2*b - 7*l + 6*l = -t. Suppose 36*o - 37*o + 17 = b. What is the tens digit of o?
1
Let z(a) = 230*a**3 + 5*a**2 - 3*a - 4. Let x be z(-3). What is the units digit of ((-132)/14)/(55/x)?
6
Let g = -5 - -7. Suppose -4*i = 2*f - g*i - 540, -5*f + 1341 = 2*i. What is the units digit of 2/(-2) + -3 + f?
3
Suppose 15 = 5*i, 4*n + 2*i = -0*n + 2718. Suppose u + 4*w = -u + n, -2*u + 666 = -2*w. What is the tens digit of u?
3
Suppose 23 = w + 4*m, -3*w + m = 2*w - 10. Suppose 6*d = -w*v + 2*d - 692, 0 = -3*v + 5*d - 647. What is the units digit of ((-88)/(-16) + 2)*v/(-10)?
8
Let w be ((-2)/4 + 10/12)*6. Suppose -2*m + 5*m + w*v = 0, -2*m + v = 0. Suppose 2*c - 2*o - 88 = m, -25 - 107 = -3*c - 3*o. What is the units digit of c?
4
Suppose -281105 = -29*v + 257570. What is the ten thousands digit of v?
1
Suppose -5*h + 5*f + 41822 = -116773, -3*f - 6 = 0. What is the units digit of h?
7
Let g(k) = -21*k - 146. Let w be g(-7). Let f(c) = 453*c**3 - 4*c + 5. What is the tens digit of f(w)?
5
Suppose -2*x + 28 = m - 5*m, -m = -3*x - 3. Let y(d) = -51*d - 111. What is the units digit of y(m)?
8
Let h(u) = -u**3 + 3*u**2 - 2*u + 3. Let t be h(3). Let l(v) = -4 - 1 - 26*v - 2*v - 2 - 4*v. What is the units digit of l(t)?
9
Suppose 3*p - 3*h = 771, -28*h - 254 = -p - 26*h. Suppose 5*c + p = 3*a - 997, 1275 = 3*a + c. What is the tens digit of a?
2
Suppose -13606*x + 754444 = -13559*x. What is the units digit of x?
2
Let a = -9976 + 41091. What is the hundreds digit of a?
1
Suppose 2780 + 25613 = 8*i + 1801. What is the tens digit of i?
2
Let c(t) = -66*t + 83. Let m be c(6). Let z = m + 716. What is the hundreds digit of z?
4
Suppose 36*x - 1486429 = 67907. What is the tens digit of x?
7
Let p(a) = -210*a + 1040. Let f be p(5). Let g be 2 - 1 - 0/(-2). What is the tens digit of f*(g + (-18)/3)/2?
2
Let r be 7305/15 - (0 + 1). Let c = r + -328. What is the units digit of c?
8
Let d(a) = 906*a**2 - 282*a + 6. What is the ten thousands digit of d(-7)?
4
Let t(h) = 2*h + 2. Let p be -5*(-1 + 1 - 1). Let i be t(p). Let s = 23 + i. What is the units digit of s?
5
Let b(a) = -800*a + 86. Let d be b(-5). What is the hundreds digit of (d/(-12) + -5)*-2?
6
Let x = 13737 - -3489. What is the units digit of x?
6
Let j be ((-145)/(-10))/((-2)/(-4)). Suppose 0 = -j*y + 16 + 4305. What is the tens digit of y?
4
Suppose 0 = 5*l - 20, -o - 23 + 209 = 4*l. Suppose 340 = 172*x - o*x. What is the units digit of x?
0
Let o be 1 + 1441 + -10*6/(-30). Suppose -2*h + 2*x + 1252 = 0, -5*x = -2*h - 201 + o. What is the hundreds digit of h?
6
Let g(o) = 2900*o**3 + 18*o**2 - 39*o - 5. What is the hundreds digit of g(2)?
1
Suppose -131*h + 9*h = -265475 + 19523. What is the tens digit of h?
1
Let o(f) be the second derivative of -f**4/12 + 4*f**3/3 - 5*f**2 - 16*f. Let p be o(5). Suppose p*q - 2*q = 234. What is the units digit of q?
8
Suppose -115 + 130 = -5*k. What is the tens digit of (-16664)/(-14) + k/(42/4)?
9
Let t(x) = -3*x**3 + 2*x**2 + 3*x + 2. Suppose 0 = -5*v - 0*v + 5*m, 7 = -4*v - 3*m. Let d be t(v). Suppose -d*w + 63 = -157. What is the units digit of w?
5
Suppose 0 = -26*s + 107*s + 5448 - 74703. What is the hundreds digit of s?
8
Let r(f) = f**2 + 21*f + 30. Let w be r(-33). Let u = w - 241. What is the tens digit of u?
8
Let v(z) = 51*z**2 - 14*z - 2. Let w be v(4). Let x = -511 + w. What is the units digit of x?
7
Let o = 11274 - 6226. What is the tens digit of o?
4
Let p(f) = 9*f**2 + 128*f - 58. What is the units digit of p(-16)?
8
Let t(d) = 1101*d - 548. What is the hundreds digit of t(9)?
3
Let q(g) = -14*g**3 + 2*g**2 - g + 1. Let k be q(-3). Let z = k - 170. What is the units digit of z?
0
Suppose -23*h - 246097 = -5*b - 20*h, 3*b - 147631 = -5*h. What is the ten thousands digit of b?
4
Suppose 0 = 6*i - 13274 + 4700. Let x = -922 + i. Let v = -338 + x. What is the units digit of v?
9
Let o = -32 + 35. Let i = -25 - o. Let g = i + 62. What is the tens digit of g?
3
Let r = 6 + -6. Let h be (-3 + -1)*(-150)/24. Suppose 2*q - q - h = r. What is the tens digit of q?
2
Let s(p) be the first derivative of 55*p**4/4 + 2*p**3 + 9*p**2/2 - 40*p + 262. What is the hundreds digit of s(3)?
5
Let f(i) = -694*i + 2060. What is the tens digit of f(-8)?
1
Suppose -6*a + 58278 = -0*a + 5*a. What is the units digit of a?
8
Let g be 40/(12/(-3))*-1. Suppose 0 = 6*m + g - 76. Suppose 2*k = -m + 91. What is the tens digit of k?
4
Let y(x) = -x**3 - 15*x**2 - 16*x - 20. Let t be y(-16). Suppose -t + 2299 = -13*c. Let p = -36 - c. What is the tens digit of p?
0
Suppose 5*l = 15, -5*x + 0 = l - 23. Suppose -56 = -x*h - 3*a - a, 0 = 3*h - 4*a - 21. Let u(d) = d**3 - 10*d**2 - 8*d - 20. What is the units digit of u(h)?
3
Suppose 12*s - 13*s - 5*q = -1988, -s + 2000 = 2*q. What is the hundreds digit of s?
0
Suppose 0 = -4*m + 865 - 289. Let k = m - 133. What is the tens digit of k?
1
Let y = 171 + 2066. What is the tens digit of y?
3
Suppose -5*j - 38 = -4*x - 0*x, j + x = -4. Let d be (-40)/(-15) - 1/(j/(-4)). Suppose d*c + 3*b - b - 336 = 0, 3*b - 160 = -c. What is the hundreds digit of c?
1
Let z(s) = 7*s - 16. Let q be z(3). Suppose q*v = x + 125, -9*x + 4*x = -v + 25. What is the units digit of v?
5
Suppose 118*s = 128*s - 395010. What is the tens digit of s?
0
Let s be (195/10)/(12/16). Let f = s - -240. Let c = f + -168. What is the tens digit of c?
9
Let x(m) = 43*m**2 - 2*m + 17. Suppose 3*l = 5*f + 10 + 14, -f + 2*l - 9 = 0. What is the hundreds digit of x(f)?
4
Let w = 1525 - 1048. Let h = 1003 - w. What is the units digit of h?
6
Suppose 28*v + 24550 = 33*v. Let t = v + -3251. What is the hundreds digit of t?
6
Suppose 0 = -16*a + 22*a - 48. Suppose 0 = -d - a + 11. Suppose 0 = -d*y + 8*y - 525. What is the units digit of y?
5
Suppose -763*j = 2*t - 761*j - 10354, -4*t = -3*j - 20701. What is the thousands digit of t?
5
Suppose -15*c + 143 = -277. Suppose c*z - 23*z - 1145 = 0. What is the hundreds digit of z?
2
Let d(y) = 69*y**2 + 114*y + 2365. What is the hundreds digit of d(-16)?
2
Let s be (-100)/20 + 2731 + 1. Suppose -s = -4*f - 279. What is the hundreds digit of f?
6
Let d = -627 + 1911. Let b = -875 + d. What is the units digit of b?
9
Let m(v) = v + 1. Let c(g) = -5*g + 18. Let b(w) = c(w) - 5*m(w). What is the tens digit of b(-28)?
9
Let z(k) = 206*k**2 - 191*k + 3455. What is the units digit of z(18)?
1
Let h(k) = 12*k - 12. Let q be h(-4). Let r = -62 - q. What is the hundreds digit of 216*2*(1 - r/(-3))?
1
Suppose 0 = 5*y + 3*w - 72539, -450*y - 5*w = -449*y - 14499. What is the thousands digit of y?
4
Let d(x) = -17*x**2 - 2 - 19 + 31*x - x**3 - 6. Let g = -42 - -23. What i